e hundred thousands digit of 630962?
6
What is the units digit of 8336249?
9
What is the hundred thousands digit of 107503?
1
What is the thousands digit of 1049535?
9
What is the thousands digit of 8739794?
9
What is the units digit of 161840?
0
What is the thousands digit of 166331?
6
What is the tens digit of 318126?
2
What is the ten thousands digit of 7318800?
1
What is the millions digit of 9250577?
9
What is the thousands digit of 163512?
3
What is the tens digit of 2775030?
3
What is the units digit of 1700812?
2
What is the ten thousands digit of 9015928?
1
What is the hundred thousands digit of 413753?
4
What is the ten thousands digit of 12694640?
9
What is the tens digit of 3702799?
9
What is the tens digit of 4533535?
3
What is the units digit of 17413609?
9
What is the hundreds digit of 7982738?
7
What is the millions digit of 6493940?
6
What is the units digit of 5054499?
9
What is the tens digit of 13783?
8
What is the hundreds digit of 23738224?
2
What is the hundred thousands digit of 368431?
3
What is the thousands digit of 174296?
4
What is the hundreds digit of 1643617?
6
What is the hundreds digit of 861767?
7
What is the thousands digit of 26834443?
4
What is the hundred thousands digit of 28439830?
4
What is the hundreds digit of 335243?
2
What is the tens digit of 1682246?
4
What is the ten thousands digit of 660932?
6
What is the units digit of 649024?
4
What is the thousands digit of 464293?
4
What is the ten thousands digit of 1262433?
6
What is the hundred thousands digit of 281128?
2
What is the units digit of 5374348?
8
What is the hundred thousands digit of 684196?
6
What is the ten thousands digit of 203100?
0
What is the ten thousands digit of 367285?
6
What is the tens digit of 646837?
3
What is the millions digit of 3825655?
3
What is the ten thousands digit of 1951922?
5
What is the hundred thousands digit of 1363609?
3
What is the millions digit of 3101033?
3
What is the ten millions digit of 16109888?
1
What is the ten thousands digit of 3551247?
5
What is the thousands digit of 28642?
8
What is the hundred thousands digit of 210997?
2
What is the thousands digit of 237865?
7
What is the ten thousands digit of 162351?
6
What is the thousands digit of 1765539?
5
What is the thousands digit of 20465487?
5
What is the ten millions digit of 19318960?
1
What is the hundreds digit of 333458?
4
What is the tens digit of 3750457?
5
What is the units digit of 174994?
4
What is the thousands digit of 953463?
3
What is the ten thousands digit of 30780597?
8
What is the tens digit of 348988?
8
What is the tens digit of 473326?
2
What is the units digit of 1580302?
2
What is the hundred thousands digit of 16110124?
1
What is the tens digit of 221406?
0
What is the thousands digit of 7898101?
8
What is the millions digit of 5093019?
5
What is the tens digit of 1781357?
5
What is the thousands digit of 787886?
7
What is the units digit of 7577365?
5
What is the tens digit of 1097471?
7
What is the units digit of 40549?
9
What is the units digit of 27506?
6
What is the ten thousands digit of 20558941?
5
What is the millions digit of 3267637?
3
What is the ten thousands digit of 15787993?
8
What is the units digit of 55877?
7
What is the thousands digit of 3255841?
5
What is the thousands digit of 11748393?
8
What is the thousands digit of 296391?
6
What is the millions digit of 2010174?
2
What is the tens digit of 3784915?
1
What is the millions digit of 1271132?
1
What is the hundreds digit of 64328?
3
What is the hundred thousands digit of 226604?
2
What is the thousands digit of 848453?
8
What is the units digit of 468833?
3
What is the ten thousands digit of 746157?
4
What is the units digit of 112322?
2
What is the thousands digit of 419097?
9
What is the thousands digit of 1658540?
8
What is the units digit of 345500?
0
What is the millions digit of 5672773?
5
What is the hundreds digit of 19600694?
6
What is the hundreds digit of 19536?
5
What is the tens digit of 1796457?
5
What is the units digit of 31711736?
6
What is the hundreds digit of 295244?
2
What is the hundreds digit of 5870942?
9
What is the hundreds digit of 6251428?
4
What is the thousands digit of 1321369?
1
What is the hundreds digit of 5423503?
5
What is the hundred thousands digit of 455008?
4
What is the millions digit of 10435356?
0
What is the millions digit of 5447539?
5
What is the hundreds digit of 2912138?
1
What is the units digit of 232197?
7
What is the hundreds digit of 16012493?
4
What is the tens digit of 1220086?
8
What is the tens digit of 2788701?
0
What is the thousands digit of 4031518?
1
What is the millions digit of 6867635?
6
What is the units digit of 1805537?
7
What is the hundreds digit of 382800?
8
What is the millions digit of 22676968?
2
What is the tens digit of 430009?
0
What is the hundred thousands digit of 1352803?
3
What is the tens digit of 210506?
0
What is the hundred thousands digit of 2403491?
4
What is the thousands digit of 758740?
8
What is the ten millions digit of 31094928?
3
What is the ten thousands digit of 217919?
1
What is the ten thousands digit of 3526286?
2
What is the ten thousands digit of 4194448?
9
What is the hundred thousands digit of 294843?
2
What is the hundreds digit of 7905013?
0
What is the millions digit of 11139431?
1
What is the tens digit of 605699?
9
What is the thousands digit of 3470791?
0
What is the hundreds digit of 336816?
8
What is the units digit of 3218190?
0
What is the ten thousands digit of 338462?
3
What is the units digit of 301123?
3
What is the units digit of 243235?
5
What is the hundred thousands digit of 289755?
2
What is the tens digit of 7870525?
2
What is the hundreds digit of 282943?
9
What is the hundreds digit of 1006?
0
What is the units digit of 5940606?
6
What is the hundred thousands digit of 1404452?
4
What is the millions digit of 1908786?
1
What is the tens digit of 7259025?
2
What is the hundreds digit of 1541943?
9
What is the hundreds digit of 2802991?
9
What is the hundreds digit of 834980?
9
What is the hundreds digit of 9584165?
1
What is the thousands digit of 1124438?
4
What is the millions digit of 10187401?
0
What is the thousands digit of 224771?
4
What is the millions digit of 1682497?
1
What is the hundred thousands digit of 282202?
2
What is the tens digit of 1502008?
0
What is the ten thousands digit of 8356326?
5
What is the ten thousands digit of 1016367?
1
What is the ten thousands digit of 123620?
2
What is the hundred thousands digit of 11729938?
7
What is the units digit of 2953824?
4
What is the millions digit of 6384280?
6
What is the tens digit of 10739980?
8
What is the units digit of 418637?
7
What is the millions digit of 20353901?
0
What is the hundreds digit of 3592160?
1
What is the thousands digit of 61000?
1
What is the hundreds digit of 7567231?
2
What is the hundred thousands digit of 15103493?
1
What is the millions digit of 11061699?
1
What is the units digit of 11970003?
3
What is the ten thousands digit of 26142?
2
What is the millions digit of 15095755?
5
What is the thousands digit of 303994?
3
What is the thousands digit of 2375970?
5
What is the units digit of 20111?
1
What is the tens digit of 777405?
0
What is the hundreds digit of 2939865?
8
What is the ten thousands digit of 516220?
1
What is the ten thousands digit of 10994693?
9
What is the hundreds digit of 8352800?
8
What is the millions digit of 4429385?
4
What is the hundred thousands digit of 9455835?
4
What is the thousands digit of 426165?
6
What is the tens digit of 3472447?
4
What is the thousands digit of 258341?
8
What is the hundreds digit of 7439503?
5
What is the thousands digit of 134577?
4
What is the hundred thousands digit of 2459310?
4
What is the ten thousands digit of 307793?
0
What is the units digit of 168783?
3
What is the units digit of 138684?
4
What is the thousands digit of 130997?
0
What is the thousands digit of 368773?
8
What is the tens digit of 15244021?
2
What is the thousands digit of 1291396?
1
What is the tens digit of 576769?
6
What is the units digit of 253753?
3
What is the ten thousands digit of 29219927?
1
What is the tens digit of 5432934?
3
What is the tens digit of 113662?
6
What is the tens digit of 